)/((-1)/(-4)). Let t be 10/((3/99)/((-7)/21)). Let a be (-30 - 0)/(5/(t/33)). Calculate the greatest common factor of a and o.
20
Suppose 71 - 69 = 2*t, 5*t + 55 = 5*s. Calculate the greatest common factor of 2312 and s.
4
Let o be -3*(-14)/525 - 144894/(-75). Calculate the greatest common factor of 18 and o.
6
Let i = -29246 + 30306. Calculate the highest common divisor of 636 and i.
212
Let g be 2 + 46 - (1 + -1). Let p(o) = -o**2 + 57*o + 384. Let w be p(57). What is the greatest common divisor of w and g?
48
Let b = 284 + -250. Suppose 28*l - b*l = -1104. What is the highest common factor of 16 and l?
8
Let q be 8 - 3 - (5/(-2) - (-24565)/(-10)). Calculate the greatest common divisor of 672 and q.
224
Let n = -27 - -45. Let k(h) = 3*h - 30. Let t be k(n). Let o be (14/(-8))/(46/t + -2). Calculate the greatest common factor of o and 7.
7
Suppose -7 = w - 10. Suppose -2*d - 7 = -w*d - 3*g, -d + 7 = -5*g. Suppose 3*r - 82 - 86 = 0. Calculate the highest common divisor of d and r.
7
Suppose 0 = -5*x + 3*d + 487, 0 = -x - d + 1397 - 1298. Suppose 2*m + o = -163, o + 2 - 1 = 0. Let i = m + x. What is the greatest common factor of 119 and i?
17
Let d(x) = 3*x**2 + 2*x - 94. Let h be d(8). What is the greatest common factor of h and 361?
19
Suppose -4*l = -y - 93, -l = y - 18 + 1. Suppose n + 4*a = 137, -3*a = -2*n + 3*n - 138. Let p = -119 + n. What is the highest common divisor of l and p?
22
Let b be (16/24)/((-2)/(-42)). Let l = b + -6. Suppose -30 = -l*s + 42. What is the greatest common divisor of 6 and s?
3
Suppose -144*v = -1657235 - 1705453. What is the greatest common factor of 168 and v?
168
Let r(u) = 2*u**3 - 68*u**2 + 42. Let j be r(34). Suppose -43*v + 3 = -j*v. Let w(s) = -6*s - 9. Let h be w(-8). What is the highest common factor of v and h?
3
Let z(c) = -188*c - 733. Let q be z(-6). What is the highest common factor of 474 and q?
79
Suppose 0*p + 595 = 5*p. Let g(k) = 10*k + 332. Let r be g(-33). Let v be r*(-51)/(-12) - 81/54. Calculate the greatest common factor of v and p.
7
Let u(w) = -819*w - 1403. Let s be u(-3). What is the greatest common divisor of 34 and s?
34
Let k be 13953 + (444/42 - (-42)/98). Calculate the highest common divisor of k and 4.
4
Suppose -197 + 77 = -8*f. Suppose 4*g + 1512 = 4*r, 5*g - 393 = -r - f. What is the highest common factor of 84 and r?
42
Suppose 0 = -39*z + 123 + 72. Suppose -2*m - 17 = -5*m - z*r, -r = 5. What is the greatest common divisor of m and 6?
2
Let y(h) = 4*h**2 + 5*h - 7. Let i be y(-3). Suppose 2*r - 21 - 5 = 0. Let p = 27 - r. What is the greatest common factor of i and p?
14
Suppose 4*q - 2*t - 272 = 0, -20*t = -4*q - 15*t + 272. Let f = 101 - q. Calculate the greatest common divisor of f and 121.
11
Suppose 0 = 2*g - 10*g + 120. Let n(w) = 276*w + 3591. Let h be n(-11). What is the highest common divisor of g and h?
15
Suppose 0 = -6*b - 86 + 146. Suppose b*t = 16*t - 4266. What is the highest common factor of 9 and t?
9
Let w be 165 - 1 - -42*50/175. What is the highest common divisor of w and 16?
16
Suppose 2*h - 1237 = -10*d + 13*d, -h = -5*d - 608. What is the highest common factor of h and 89?
89
Suppose 38*c = 35*c. Suppose -l + 69 = -2*l - x, -2*l + 5*x - 117 = c. Let v = 93 + l. What is the highest common divisor of v and 3?
3
Suppose -127*x + 80886 = -5*x. Calculate the highest common divisor of x and 17.
17
Let a(y) = -4733*y + 215. Let w be a(-2). Calculate the greatest common divisor of w and 84.
21
Let d be (2 + 5)/((-2)/(-34)). Let n = -41 + d. What is the highest common divisor of 6 and n?
6
Let y(q) = -q**3 - 4*q**2 - 24*q - 42. Let j be y(-4). What is the greatest common factor of j and 138?
6
Suppose 11*m + 2013 - 6138 = 0. Calculate the highest common factor of 15 and m.
15
Suppose -12*f - 17*f = 69*f - 243530. What is the highest common divisor of 35 and f?
35
Let m = -2064 - -2136. Let a be (42/(-35))/(2/(-90)). What is the greatest common factor of m and a?
18
Suppose -47*l + 42*l - 37026 = -126*l. Suppose 88 = 5*w - b, 0*w - b - 70 = -4*w. What is the greatest common factor of l and w?
18
Let o(v) = -v**2 + 78*v - 376. Let q be o(6). Calculate the highest common divisor of q and 1295.
7
Let x(s) = 190*s - 345*s + 180*s + 137. Let d be x(-5). What is the highest common factor of d and 108?
12
Suppose -7*u = -2809 + 142. Suppose -u = 5*h - 936. What is the highest common divisor of 148 and h?
37
Let u be (-5)/4 + (-26145)/(-84). Suppose 29 = 2*v + 3*i - u, -2*v - 4*i + 344 = 0. What is the greatest common factor of v and 6?
6
Suppose -483 = -1117*l + 1096*l. What is the highest common factor of l and 7130?
23
Suppose 13*w - 20*w = 0. Suppose -14*x - 24*x + 8056 = w. Calculate the highest common factor of x and 106.
106
Suppose -9*b = -0 - 9. Let r be (-26)/143 + ((-404)/(-44) - b). What is the greatest common factor of r and 14?
2
Let o(f) = -17*f + 1631. Let w be o(-21). Calculate the highest common factor of 213 and w.
71
Suppose -312 = -67*s + 41*s. Calculate the greatest common divisor of 960 and s.
12
Let t be (-13 - (-693)/45)/(2/35). What is the highest common factor of 728 and t?
14
Let z(p) = p**2 - 18*p + 44. Let m be z(16). Suppose 5*s - 122 = 2*u, s + 4*u = 8 + m. Calculate the greatest common factor of 16 and s.
8
Let s = -7454 - -9502. What is the highest common factor of s and 2?
2
Let p(s) = -s**3 + s**2 + 75. Let b be (-3)/(-6)*6 - 3. Let w be p(b). Suppose 2*x + x - w = 0. What is the greatest common divisor of 175 and x?
25
Suppose -15*p = -22*p + 14560. Suppose 69*i - 56*i = p. Calculate the highest common divisor of i and 10.
10
Suppose -12*x + 1386 = -5*x. Suppose 7*h - x = -58. What is the greatest common divisor of h and 30?
10
Suppose -17*x = -14*x - 5*j - 17, -11 = -2*x + 3*j. Suppose 119 = 2*b + 5*v, -9*b = -x*b + 4*v - 340. Calculate the highest common factor of 156 and b.
12
Suppose -43*q - 6*q + 226225 = 79715. What is the greatest common factor of q and 78?
26
Let n(v) = 2*v - 12. Let k be n(12). Let r(l) = 5*l**2 - 2 - 6*l - 2 + 6 - 1. Let u be r(5). What is the greatest common factor of u and k?
12
Suppose -8 = -5*t - 3*c + 3, 3*t - 21 = 3*c. Suppose 3*v + 5*l - 76 = 0, 4*l = -t*v + 3*l + 107. Calculate the greatest common factor of 297 and v.
27
Suppose 0 = -p + 3*u - 7*u + 106, -4*p = -u - 407. Suppose 109*v - p*v = 238. Calculate the highest common factor of v and 153.
17
Let g(a) = a**3 + a**2 - 61*a - 84. Let l be g(21). Calculate the greatest common factor of l and 63.
21
Let n(s) = -s**2 - 16*s - 7. Let l be 7/(-1*(-1 + 0)). Suppose -45 = -4*g + l*g. Let i be n(g). What is the greatest common factor of 64 and i?
8
Suppose -2*y + 43*p = 41*p - 5140, -5*p = 25. What is the highest common divisor of y and 675?
135
Suppose 3*s - u = 4*u + 25, 5*s + 20 = -4*u. Suppose 4*w + 6*z - z - 35 = s, 25 = 3*w + 4*z. What is the greatest common factor of 285 and w?
15
Suppose -5*v = -v - 224. Let b be 4/9 - v/(-36). Suppose -28 + 94 = 3*g. Calculate the highest common divisor of b and g.
2
Suppose 106*a - 227*a = 120*a - 873384. What is the greatest common factor of a and 42?
6
Let y = 12 + 13. Let b(x) = 2*x**2 + 4*x - 43. Suppose 38*q = 45*q + 42. Let a be b(q). Calculate the highest common divisor of a and y.
5
Suppose 81*w - 254376 = 258354. Calculate the highest common divisor of 12 and w.
6
Let m(j) = -22*j - 10. Let q be m(-7). Suppose 0 = -6*i + 17*i. Let o be -5 - 23/(-1) - i. What is the highest common factor of q and o?
18
Suppose 848 = 28*b - 188. Calculate the greatest common factor of 1480 and b.
37
Let v be (6856/16 - -2)*-14*(-4)/3. What is the highest common factor of v and 392?
196
Suppose -7 + 79 = 6*x. Let u = 233 + x. What is the greatest common factor of 49 and u?
49
Let o(w) = w**2 + 8*w - 33. Let l be o(-14). Let v be 4897/6 - (-43)/(-258). Calculate the highest common divisor of v and l.
51
Let s = -39880 + 57976. Calculate the greatest common factor of 32 and s.
16
Let n be 18/(-4)*(-3496)/342. Calculate the highest common divisor of n and 46.
46
Suppose -5*b + 18*b - 52 = 0. Suppose -451 = -5*z - 2*n, 97 = 2*z + b*n - 77. Suppose 3*s = -0*s + 39. What is the greatest common divisor of z and s?
13
Let q(d) be the second derivative of -d**4/12 + 2*d**3 - 29*d**2/2 - 19*d. Let l be q(5). Calculate the